of 9 and 369.
9
Calculate the highest common divisor of 14 and 868.
14
What is the highest common divisor of 22 and 1562?
22
Calculate the highest common divisor of 574 and 14.
14
Calculate the highest common divisor of 4 and 94.
2
What is the highest common divisor of 24 and 152?
8
Calculate the greatest common factor of 10 and 6.
2
What is the highest common factor of 185 and 20?
5
Calculate the highest common divisor of 20 and 4604.
4
Calculate the highest common divisor of 4945 and 46.
23
Calculate the greatest common factor of 210 and 3206.
14
Calculate the highest common divisor of 260 and 104.
52
Calculate the highest common divisor of 333 and 36.
9
Calculate the greatest common factor of 57 and 76.
19
What is the highest common factor of 40 and 135?
5
What is the greatest common factor of 180 and 140?
20
Calculate the greatest common divisor of 3071 and 259.
37
Calculate the greatest common factor of 60 and 1260.
60
What is the highest common divisor of 41 and 2?
1
What is the highest common factor of 100 and 150?
50
What is the highest common divisor of 1020 and 2176?
68
What is the highest common divisor of 9826 and 34?
34
What is the greatest common divisor of 40 and 560?
40
Calculate the greatest common factor of 448 and 14.
14
Calculate the highest common factor of 16 and 220.
4
Calculate the highest common divisor of 18 and 1107.
9
Calculate the highest common factor of 1505 and 7.
7
What is the greatest common divisor of 50 and 1290?
10
What is the highest common divisor of 46244 and 44?
44
Calculate the greatest common divisor of 8 and 2344.
8
Calculate the greatest common factor of 5 and 370.
5
What is the greatest common divisor of 2 and 3802?
2
What is the greatest common divisor of 19 and 30001?
19
Calculate the greatest common divisor of 92 and 23.
23
What is the greatest common factor of 87 and 203?
29
What is the highest common divisor of 12051 and 234?
117
What is the greatest common divisor of 1098 and 122?
122
What is the highest common divisor of 30 and 54?
6
Calculate the greatest common factor of 28 and 70.
14
Calculate the highest common factor of 231 and 1199.
11
What is the greatest common factor of 36 and 8?
4
What is the highest common divisor of 1279 and 13?
1
What is the greatest common divisor of 312 and 104?
104
Calculate the greatest common factor of 111 and 7807.
37
What is the greatest common divisor of 18 and 4878?
18
What is the greatest common divisor of 816 and 100?
4
What is the highest common divisor of 86 and 49622?
86
What is the greatest common divisor of 2006 and 177?
59
Calculate the greatest common divisor of 845 and 5.
5
Calculate the highest common factor of 36 and 414.
18
What is the greatest common divisor of 115 and 713?
23
What is the greatest common divisor of 3660 and 80?
20
What is the highest common divisor of 893 and 141?
47
What is the greatest common factor of 32 and 496?
16
What is the highest common factor of 195 and 78?
39
Calculate the greatest common factor of 45 and 165.
15
Calculate the greatest common factor of 19 and 3401.
19
What is the greatest common divisor of 111 and 12469?
37
What is the greatest common factor of 532 and 28?
28
What is the highest common factor of 1180 and 4012?
236
What is the greatest common factor of 407 and 55?
11
Calculate the highest common divisor of 6984 and 120.
24
What is the highest common factor of 1 and 79?
1
What is the greatest common factor of 3 and 123?
3
Calculate the highest common factor of 80 and 1.
1
What is the greatest common factor of 768 and 12?
12
Calculate the highest common factor of 148 and 5735.
37
Calculate the highest common divisor of 300 and 480.
60
What is the highest common factor of 182 and 98?
14
Calculate the highest common divisor of 12350 and 260.
130
What is the highest common divisor of 1846 and 26?
26
Calculate the greatest common divisor of 228 and 57684.
228
Calculate the greatest common divisor of 11 and 2684.
11
What is the greatest common factor of 168 and 21?
21
What is the greatest common factor of 33 and 3762?
33
What is the greatest common divisor of 928 and 96?
32
What is the highest common divisor of 804 and 1407?
201
What is the highest common divisor of 207 and 23?
23
What is the greatest common divisor of 59 and 12?
1
What is the highest common factor of 25 and 100?
25
Calculate the greatest common divisor of 48 and 39.
3
What is the greatest common factor of 59 and 5?
1
What is the greatest common divisor of 190 and 38?
38
What is the highest common factor of 403 and 31?
31
Calculate the highest common factor of 36 and 272.
4
Calculate the greatest common divisor of 310 and 45.
5
Calculate the highest common factor of 24 and 1032.
24
What is the highest common divisor of 2479 and 74?
37
Calculate the greatest common divisor of 14 and 50.
2
Calculate the greatest common factor of 14 and 2.
2
Calculate the greatest common divisor of 63 and 42.
21
Calculate the greatest common factor of 216 and 192.
24
What is the highest common factor of 75 and 300?
75
What is the greatest common factor of 2094 and 18?
6
What is the highest common factor of 36 and 2388?
12
What is the greatest common factor of 392 and 49?
49
What is the greatest common divisor of 11 and 293?
1
What is the highest common divisor of 241 and 58081?
241
What is the greatest common divisor of 560 and 80?
80
Calculate the highest common factor of 140 and 5852.
28
Calculate the highest common divisor of 224 and 1064.
56
What is the greatest common factor of 2 and 236?
2
What is the highest common divisor of 90 and 225?
45
Calculate the highest common divisor of 2235 and 2.
1
Calculate the greatest common factor of 93 and 1333.
31
Calculate the highest common factor of 190 and 20.
10
What is the highest common divisor of 2142 and 18?
18
Calculate the highest common factor of 513 and 459.
27
What is the highest common factor of 861 and 123?
123
Calculate the greatest common divisor of 18 and 90.
18
What is the greatest common factor of 391 and 46?
23
What is the highest common factor of 192 and 2352?
48
Calculate the highest common factor of 4776 and 24.
24
Calculate the highest common factor of 57 and 190.
19
Calculate the greatest common divisor of 988 and 104.
52
What is the highest common divisor of 24 and 1536?
24
Calculate the greatest common factor of 304 and 256.
16
What is the highest common factor of 369 and 18?
9
What is the highest common factor of 567 and 162?
81
Calculate the greatest common factor of 4150 and 200.
50
What is the greatest common factor of 348 and 48?
12
What is the greatest common factor of 24 and 16?
8
What is the greatest common factor of 24 and 4728?
24
Calculate the highest common divisor of 970 and 10.
10
What is the greatest common factor of 12 and 726?
6
Calculate the greatest common factor of 156 and 260.
52
What is the greatest common divisor of 370 and 10?
10
What is the greatest common factor of 108 and 96?
12
What is the highest common divisor of 36 and 1662?
6
Calculate the highest common factor of 253 and 1089.
11
What is the greatest common factor of 5 and 5?
5
What is the highest common factor of 6 and 82?
2
What is the highest common factor of 16 and 48?
16
What is the greatest common divisor of 542 and 4?
2
Calculate the highest common divisor of 20 and 4.
4
Calculate the highest common factor of 1 and 827.
1
What is the highest common divisor of 182 and 26?
26
Calculate the highest common factor of 13 and 221.
13
Calculate the highest common divisor of 24 and 248.
8
What is the greatest common factor of 267 and 6?
3
What is the highest common factor of 6 and 66?
6
What is the highest common divisor of 196 and 70?
14
Calculate the highest common factor of 1806 and 42.
42
Calculate the greatest common divisor of 42 and 182.
14
What is the highest common divisor of 110 and 627?
11
Calculate the highest common divisor of 18 and 12.
6
What is the greatest common divisor of 8343 and 891?
81
Calculate the highest common divisor of 24 and 66.
6
Calculate the highest common divisor of 90 and 1050.
30
Calculate the highest common divisor of 16 and 13904.
16
What is the greatest common divisor of 12 and 18?
6
Calculate the highest common divisor of 63 and 81.
9
Calculate the greatest commo